ommon divisor of 9 and 32157?
9
What is the highest common divisor of 434 and 1015994?
434
Calculate the highest common factor of 1492072 and 984.
328
Calculate the greatest common divisor of 772 and 620.
4
Calculate the highest common divisor of 11032257 and 723.
723
What is the highest common factor of 27988 and 5?
1
What is the greatest common divisor of 1282379 and 49?
49
Calculate the greatest common divisor of 9704 and 232.
8
What is the highest common divisor of 4167 and 8797?
463
Calculate the highest common factor of 18241 and 15725.
629
Calculate the highest common divisor of 164271 and 17.
17
Calculate the greatest common factor of 77584 and 416.
208
What is the highest common divisor of 7479 and 189?
27
Calculate the highest common divisor of 114 and 50331.
57
What is the highest common factor of 178308 and 27?
27
Calculate the greatest common factor of 3477 and 29463.
183
What is the highest common factor of 80 and 494920?
40
Calculate the highest common divisor of 5 and 3781405.
5
Calculate the greatest common factor of 176340 and 36.
12
Calculate the highest common divisor of 1225 and 182770.
245
What is the highest common factor of 1125 and 1500?
375
What is the highest common divisor of 8996 and 1196?
52
What is the highest common factor of 739589 and 757?
757
What is the highest common factor of 920 and 570170?
230
Calculate the highest common factor of 2107 and 11653.
43
What is the highest common factor of 91 and 154245?
91
What is the highest common divisor of 118 and 3314148?
118
What is the greatest common divisor of 7622 and 962?
74
Calculate the greatest common factor of 66176 and 47.
47
What is the highest common divisor of 51 and 397443?
51
Calculate the greatest common factor of 64394 and 22.
22
What is the greatest common factor of 29596 and 84?
28
What is the greatest common divisor of 17 and 3284?
1
Calculate the highest common divisor of 15507 and 2817.
9
Calculate the greatest common divisor of 260 and 1860.
20
What is the greatest common factor of 11594 and 93?
31
Calculate the greatest common factor of 19 and 126122.
19
Calculate the highest common factor of 96870 and 20.
10
What is the highest common divisor of 89 and 523231?
89
What is the highest common divisor of 77679 and 411?
411
What is the greatest common divisor of 4526427 and 57?
57
Calculate the greatest common divisor of 72520 and 1792.
56
Calculate the highest common factor of 40 and 10453880.
40
Calculate the greatest common factor of 1236937 and 51.
17
What is the highest common divisor of 270192 and 26?
26
What is the highest common factor of 64324 and 117?
13
What is the greatest common divisor of 98 and 1252?
2
Calculate the highest common factor of 472152 and 1030.
206
Calculate the greatest common divisor of 9724 and 8492.
44
Calculate the greatest common divisor of 2254 and 1547210.
322
What is the highest common factor of 243 and 73467?
81
Calculate the highest common factor of 55 and 1360.
5
What is the greatest common factor of 1680180 and 164?
164
What is the highest common divisor of 9 and 191907?
9
What is the highest common divisor of 51 and 33351?
3
What is the highest common factor of 155 and 71207?
31
What is the highest common divisor of 473024 and 69312?
1216
What is the greatest common factor of 44775 and 90545?
995
What is the greatest common factor of 328 and 4510?
82
Calculate the greatest common divisor of 1326 and 149617.
221
What is the greatest common divisor of 3396 and 588?
12
What is the greatest common divisor of 564 and 9776?
188
Calculate the greatest common divisor of 3760 and 2520.
40
What is the highest common divisor of 4884 and 925518?
2442
Calculate the highest common factor of 630 and 3115.
35
What is the highest common factor of 4756 and 95932?
116
What is the greatest common divisor of 144441 and 99?
99
Calculate the greatest common factor of 614664 and 192.
24
What is the greatest common divisor of 41250 and 2200?
550
What is the greatest common factor of 10640680 and 20?
20
Calculate the highest common factor of 2350 and 1360.
10
What is the greatest common divisor of 6980 and 820?
20
What is the greatest common factor of 160 and 2476?
4
What is the highest common factor of 3832 and 56?
8
What is the greatest common factor of 5175 and 171900?
225
What is the highest common divisor of 12665 and 707005?
745
What is the greatest common divisor of 1140 and 969?
57
What is the highest common divisor of 819 and 1071?
63
Calculate the highest common divisor of 19982 and 388.
194
What is the highest common factor of 143990 and 210?
70
Calculate the highest common divisor of 45865 and 5.
5
Calculate the highest common divisor of 760 and 1406.
38
Calculate the greatest common divisor of 236927 and 188.
47
Calculate the highest common factor of 1788129 and 126.
63
Calculate the greatest common divisor of 44161 and 632.
79
Calculate the highest common factor of 477135 and 7245.
1035
Calculate the greatest common factor of 57810 and 9165.
705
What is the greatest common factor of 63 and 805672?
7
What is the greatest common factor of 580 and 28884?
116
Calculate the highest common divisor of 221 and 49829.
13
Calculate the highest common divisor of 175 and 5180.
35
Calculate the greatest common factor of 40 and 2500280.
40
What is the highest common divisor of 589127 and 33?
11
What is the highest common divisor of 7420 and 40012?
28
What is the highest common factor of 1534140 and 14580?
1620
Calculate the greatest common divisor of 36465 and 24180.
195
Calculate the greatest common factor of 27907 and 1892.
473
Calculate the highest common divisor of 215628 and 8262.
102
What is the greatest common factor of 42 and 95662?
14
Calculate the greatest common divisor of 1200 and 1932.
12
Calculate the highest common divisor of 27 and 5130297.
27
Calculate the greatest common factor of 96042 and 6.
6
Calculate the greatest common factor of 798 and 4560.
114
Calculate the highest common factor of 1106 and 3374.
14
What is the greatest common factor of 52099 and 159?
53
What is the greatest common factor of 1640 and 188?
4
Calculate the highest common factor of 110 and 3190.
110
Calculate the highest common factor of 12 and 2083908.
12
What is the highest common divisor of 116 and 932?
4
Calculate the highest common divisor of 3815694 and 513.
513
Calculate the greatest common divisor of 846 and 685072.
94
Calculate the highest common divisor of 49 and 362649.
49
What is the greatest common divisor of 71977 and 1837?
167
Calculate the greatest common divisor of 4965 and 8835.
15
Calculate the greatest common divisor of 3355 and 1045.
55
What is the greatest common divisor of 301 and 133687?
43
Calculate the highest common factor of 15750 and 294.
42
Calculate the highest common divisor of 32 and 47848.
8
What is the highest common factor of 592 and 991600?
592
Calculate the highest common factor of 269076 and 68.
68
Calculate the highest common divisor of 8774 and 1284.
214
What is the greatest common divisor of 22722 and 774?
6
Calculate the highest common factor of 81112 and 72.
8
Calculate the greatest common factor of 80 and 28432.
16
Calculate the greatest common factor of 1101528 and 36.
36
Calculate the highest common divisor of 97944 and 73128.
264
What is the highest common factor of 426 and 1383009?
213
Calculate the highest common factor of 2925 and 2483.
13
Calculate the highest common divisor of 570 and 2040410.
190
Calculate the greatest common divisor of 10 and 309565.
5
Calculate the highest common factor of 23375 and 220.
55
What is the greatest common divisor of 1107750 and 4200?
1050
What is the greatest common factor of 5567 and 2051?
293
What is the greatest common divisor of 566160 and 3360?
1680
Calculate the greatest common divisor of 135 and 263565.
45
What is the greatest common divisor of 447870 and 6?
6
Calculate the highest common factor of 441 and 11799.
9
Calculate the greatest common divisor of 1445 and 1145.
5
Calculate the highest common divisor of 144 and 396960.
48
Calculate the highest common factor of 20956 and 4901.
169
Calculate the highest common factor of 209 and 472.
1
Calculate the highest common factor of 2365 and 51815.
215
Calculate the highest common factor of 2187 and